actors of 17944?
2, 2243
List the prime factors of 57139.
57139
What are the prime factors of 1461?
3, 487
What are the prime factors of 465?
3, 5, 31
What are the prime factors of 1383?
3, 461
What are the prime factors of 1331?
11
List the prime factors of 30.
2, 3, 5
What are the prime factors of 10208?
2, 11, 29
What are the prime factors of 2437?
2437
What are the prime factors of 797?
797
List the prime factors of 57345.
3, 5, 3823
What are the prime factors of 1955?
5, 17, 23
List the prime factors of 178354.
2, 11, 67
List the prime factors of 2189.
11, 199
List the prime factors of 9020.
2, 5, 11, 41
What are the prime factors of 1785?
3, 5, 7, 17
What are the prime factors of 70943?
61, 1163
List the prime factors of 24690.
2, 3, 5, 823
What are the prime factors of 1241?
17, 73
List the prime factors of 9334.
2, 13, 359
List the prime factors of 12650.
2, 5, 11, 23
List the prime factors of 5680.
2, 5, 71
What are the prime factors of 1407?
3, 7, 67
List the prime factors of 919.
919
List the prime factors of 2349.
3, 29
What are the prime factors of 8593?
13, 661
What are the prime factors of 262?
2, 131
What are the prime factors of 123509?
113, 1093
What are the prime factors of 203?
7, 29
List the prime factors of 27.
3
What are the prime factors of 53?
53
What are the prime factors of 9216?
2, 3
List the prime factors of 1937.
13, 149
What are the prime factors of 3376?
2, 211
What are the prime factors of 1042?
2, 521
List the prime factors of 43847.
163, 269
List the prime factors of 165.
3, 5, 11
List the prime factors of 178493.
7, 43, 593
List the prime factors of 5159.
7, 11, 67
What are the prime factors of 38948?
2, 7, 13, 107
What are the prime factors of 57149?
57149
List the prime factors of 6676.
2, 1669
List the prime factors of 1809.
3, 67
What are the prime factors of 47715?
3, 5, 3181
What are the prime factors of 2165?
5, 433
List the prime factors of 4676.
2, 7, 167
What are the prime factors of 745?
5, 149
List the prime factors of 1435.
5, 7, 41
What are the prime factors of 23082?
2, 3, 3847
List the prime factors of 11371.
83, 137
What are the prime factors of 1547?
7, 13, 17
What are the prime factors of 5371?
41, 131
List the prime factors of 2612.
2, 653
List the prime factors of 67265.
5, 11, 1223
What are the prime factors of 11707?
23, 509
What are the prime factors of 9538?
2, 19, 251
What are the prime factors of 3775?
5, 151
What are the prime factors of 1010?
2, 5, 101
What are the prime factors of 4774?
2, 7, 11, 31
What are the prime factors of 8700?
2, 3, 5, 29
List the prime factors of 957.
3, 11, 29
What are the prime factors of 4371?
3, 31, 47
What are the prime factors of 3112?
2, 389
List the prime factors of 1041.
3, 347
What are the prime factors of 189?
3, 7
What are the prime factors of 7028?
2, 7, 251
List the prime factors of 2927.
2927
What are the prime factors of 1084?
2, 271
What are the prime factors of 116101?
116101
List the prime factors of 1093.
1093
What are the prime factors of 5490?
2, 3, 5, 61
List the prime factors of 2041.
13, 157
List the prime factors of 47954.
2, 23977
List the prime factors of 729.
3
List the prime factors of 53643.
3, 17881
List the prime factors of 25003.
11, 2273
List the prime factors of 24995.
5, 4999
List the prime factors of 1372.
2, 7
List the prime factors of 12097.
12097
What are the prime factors of 1894?
2, 947
What are the prime factors of 17841?
3, 19, 313
What are the prime factors of 6544?
2, 409
What are the prime factors of 8197?
7, 1171
What are the prime factors of 1854?
2, 3, 103
What are the prime factors of 63571?
151, 421
What are the prime factors of 640?
2, 5
List the prime factors of 95763.
3, 137, 233
What are the prime factors of 839?
839
What are the prime factors of 64673?
7, 9239
What are the prime factors of 876?
2, 3, 73
What are the prime factors of 480?
2, 3, 5
List the prime factors of 2613.
3, 13, 67
List the prime factors of 24719.
19, 1301
What are the prime factors of 257?
257
What are the prime factors of 41407?
47, 881
List the prime factors of 10621.
13, 19, 43
List the prime factors of 384.
2, 3
What are the prime factors of 902?
2, 11, 41
List the prime factors of 16351.
83, 197
What are the prime factors of 2512?
2, 157
What are the prime factors of 142440?
2, 3, 5, 1187
List the prime factors of 1351.
7, 193
List the prime factors of 28748.
2, 7187
List the prime factors of 837.
3, 31
What are the prime factors of 71861?
71861
What are the prime factors of 51411?
3, 17137
List the prime factors of 7683.
3, 13, 197
List the prime factors of 11101.
17, 653
List the prime factors of 1231.
1231
What are the prime factors of 1199?
11, 109
What are the prime factors of 46940?
2, 5, 2347
List the prime factors of 20537.
11, 1867
List the prime factors of 33883.
31, 1093
List the prime factors of 213.
3, 71
What are the prime factors of 864?
2, 3
What are the prime factors of 116326?
2, 7, 1187
List the prime factors of 4573.
17, 269
What are the prime factors of 3417?
3, 17, 67
List the prime factors of 11190.
2, 3, 5, 373
List the prime factors of 3259.
3259
What are the prime factors of 20185?
5, 11, 367
List the prime factors of 14447.
14447
List the prime factors of 1658.
2, 829
List the prime factors of 2005.
5, 401
What are the prime factors of 8255?
5, 13, 127
List the prime factors of 19384.
2, 2423
What are the prime factors of 1452?
2, 3, 11
What are the prime factors of 3243?
3, 23, 47
What are the prime factors of 323?
17, 19
List the prime factors of 780.
2, 3, 5, 13
What are the prime factors of 54672?
2, 3, 17, 67
List the prime factors of 928.
2, 29
List the prime factors of 1362.
2, 3, 227
What are the prime factors of 2575?
5, 103
What are the prime factors of 823?
823
What are the prime factors of 952?
2, 7, 17
What are the prime factors of 19567?
17, 1151
What are the prime factors of 9137?
9137
List the prime factors of 10922.
2, 43, 127
What are the prime factors of 921?
3, 307
List the prime factors of 89655.
3, 5, 43, 139
What are the prime factors of 8624?
2, 7, 11
List the prime factors of 2297.
2297
What are the prime factors of 1211?
7, 173
What are the prime factors of 26663?
7, 13, 293
List the prime factors of 40748.
2, 61, 167
What are the prime factors of 15803?
15803
List the prime factors of 21474.
2, 3, 1193
List the prime factors of 841.
29
List the prime factors of 5718.
2, 3, 953
What are the prime factors of 4595?
5, 919
List the prime factors of 18126.
2, 3, 19, 53
What are the prime factors of 1506?
2, 3, 251
What are the prime factors of 1014?
2, 3, 13
List the prime factors of 2316.
2, 3, 193
What are the prime factors of 4109?
7, 587
List the prime factors of 262.
2, 131
List the prime factors of 3031.
7, 433
List the prime factors of 6153.
3, 7, 293
List the prime factors of 12523.
7, 1789
List the prime factors of 17421.
3, 5807
List the prime factors of 36332.
2, 31, 293
What are the prime factors of 21739?
21739
What are the prime factors of 2940?
2, 3, 5, 7
What are the prime factors of 1058?
2, 23
List the prime factors of 890.
2, 5, 89
What are the prime factors of 6553?
6553
What are the prime factors of 387?
3, 43
What are the prime factors of 6791?
6791
What are the prime factors of 766?
2, 383
What are the prime factors of 1923?
3, 641
What are the prime factors of 29547?
3, 7, 67
What are the prime factors of 2079?
3, 7, 11
What are the prime factors of 1943?
29, 67
List the prime factors of 1777.
1777
What are the prime factors of 827?
827
What are the prime factors of 8514?
2, 3, 11, 43
What are the prime factors of 184?
2, 23
What are the prime factors of 98447?
17, 5791
List the prime factors of 4102.
2, 7, 293
What are the prime factors of 9691?
11, 881
What are the prime factors of 53935?
5, 7, 23, 67
List the prime factors of 6113.
6113
What are the prime factors of 35105?
5, 7, 17, 59
List the prime factors of 494.
2, 13, 19
List the prime factors of 31899.
3, 7, 31
List the prime factors of 1116.
2, 3, 31
What are the prime factors of 9453?
3, 23, 137
What are the prime factors of 33179?
33179
What are the prime factors of 4008?
2, 3, 167
List the prime factors of 291.
3, 97
What are the prime factors of 18700?
2, 5, 11, 17
What are the 